{"id":489,"date":"2016-12-23T17:02:22","date_gmt":"2016-12-23T16:02:22","guid":{"rendered":"http:\/\/www.roland.ovh\/?page_id=489"},"modified":"2024-01-30T08:46:34","modified_gmt":"2024-01-30T07:46:34","slug":"accueil-famille-costard","status":"publish","type":"page","link":"https:\/\/www.roland.ovh\/index.php\/accueil-famille-costard\/","title":{"rendered":"Accueil famille Costard"},"content":{"rendered":"","protected":true},"excerpt":{"rendered":"","protected":true},"author":1,"featured_media":0,"parent":0,"menu_order":0,"comment_status":"closed","ping_status":"closed","template":"","meta":{"advgb_blocks_editor_width":"","advgb_blocks_columns_visual_guide":""},"coauthors":[],"author_meta":{"author_link":"https:\/\/www.roland.ovh\/index.php\/author\/admin\/","display_name":"Admin"},"relative_dates":{"created":"Publi\u00e9 9 ans il y a","modified":"Mis \u00e0 jour 2 ans il y a"},"absolute_dates":{"created":"Publi\u00e9 le 23 d\u00e9cembre 2016","modified":"Mise \u00e0 jour le 30 janvier 2024"},"absolute_dates_time":{"created":"Publi\u00e9 le 23 d\u00e9cembre 2016 17 h 02 min","modified":"Mise \u00e0 jour le 30 janvier 2024 8 h 46 min"},"featured_img_caption":"","featured_img":false,"series_order":"","_links":{"self":[{"href":"https:\/\/www.roland.ovh\/index.php\/wp-json\/wp\/v2\/pages\/489"}],"collection":[{"href":"https:\/\/www.roland.ovh\/index.php\/wp-json\/wp\/v2\/pages"}],"about":[{"href":"https:\/\/www.roland.ovh\/index.php\/wp-json\/wp\/v2\/types\/page"}],"author":[{"embeddable":true,"href":"https:\/\/www.roland.ovh\/index.php\/wp-json\/wp\/v2\/users\/1"}],"replies":[{"embeddable":true,"href":"https:\/\/www.roland.ovh\/index.php\/wp-json\/wp\/v2\/comments?post=489"}],"version-history":[{"count":45,"href":"https:\/\/www.roland.ovh\/index.php\/wp-json\/wp\/v2\/pages\/489\/revisions"}],"predecessor-version":[{"id":3842,"href":"https:\/\/www.roland.ovh\/index.php\/wp-json\/wp\/v2\/pages\/489\/revisions\/3842"}],"wp:attachment":[{"href":"https:\/\/www.roland.ovh\/index.php\/wp-json\/wp\/v2\/media?parent=489"}],"curies":[{"name":"wp","href":"https:\/\/api.w.org\/{rel}","templated":true}]}}